{"version":"1.0","provider_name":"ACN International","provider_url":"https:\/\/acninternational.org\/es\/","title":"RDC: \u00a1Que el Gobierno asuma sus responsabilidades!","type":"rich","width":600,"height":338,"html":"<blockquote class=\"wp-embedded-content\" data-secret=\"CdPQ8eEkxw\"><a href=\"https:\/\/acninternational.org\/es\/rdc-que-el-gobierno-asuma-sus-responsabilidades\/\">RDC: \u00a1Que el Gobierno asuma sus responsabilidades!<\/a><\/blockquote><iframe sandbox=\"allow-scripts\" security=\"restricted\" src=\"https:\/\/acninternational.org\/es\/rdc-que-el-gobierno-asuma-sus-responsabilidades\/embed\/#?secret=CdPQ8eEkxw\" width=\"600\" height=\"338\" title=\"\u00abRDC: \u00a1Que el Gobierno asuma sus responsabilidades!\u00bb \u2014 ACN International\" data-secret=\"CdPQ8eEkxw\" frameborder=\"0\" marginwidth=\"0\" marginheight=\"0\" scrolling=\"no\" class=\"wp-embedded-content\"><\/iframe><script>\n\/*! This file is auto-generated *\/\n!function(d,l){\"use strict\";l.querySelector&&d.addEventListener&&\"undefined\"!=typeof URL&&(d.wp=d.wp||{},d.wp.receiveEmbedMessage||(d.wp.receiveEmbedMessage=function(e){var t=e.data;if((t||t.secret||t.message||t.value)&&!\/[^a-zA-Z0-9]\/.test(t.secret)){for(var s,r,n,a=l.querySelectorAll('iframe[data-secret=\"'+t.secret+'\"]'),o=l.querySelectorAll('blockquote[data-secret=\"'+t.secret+'\"]'),c=new RegExp(\"^https?:$\",\"i\"),i=0;i<o.length;i++)o[i].style.display=\"none\";for(i=0;i<a.length;i++)s=a[i],e.source===s.contentWindow&&(s.removeAttribute(\"style\"),\"height\"===t.message?(1e3<(r=parseInt(t.value,10))?r=1e3:~~r<200&&(r=200),s.height=r):\"link\"===t.message&&(r=new URL(s.getAttribute(\"src\")),n=new URL(t.value),c.test(n.protocol))&&n.host===r.host&&l.activeElement===s&&(d.top.location.href=t.value))}},d.addEventListener(\"message\",d.wp.receiveEmbedMessage,!1),l.addEventListener(\"DOMContentLoaded\",function(){for(var e,t,s=l.querySelectorAll(\"iframe.wp-embedded-content\"),r=0;r<s.length;r++)(t=(e=s[r]).getAttribute(\"data-secret\"))||(t=Math.random().toString(36).substring(2,12),e.src+=\"#?secret=\"+t,e.setAttribute(\"data-secret\",t)),e.contentWindow.postMessage({message:\"ready\",secret:t},\"*\")},!1)))}(window,document);\n\/\/# sourceURL=https:\/\/acninternational.org\/wp-includes\/js\/wp-embed.min.js\n<\/script>\n","thumbnail_url":"https:\/\/media.acninternational.org\/wp-content\/uploads\/2023\/06\/ACN-20180320-69208.jpg","thumbnail_width":1920,"thumbnail_height":700,"description":"Los obispos de la provincia eclesiastica de Bukavu, en el extremo oriental de la Rep\u00fablica Democr\u00e1tica del Congo (RDC), denuncian en una declaraci\u00f3n sin concesiones la incapacidad de la Administraci\u00f3n de acometer los retos que se le presentan."}

Los obispos de la provincia eclesiastica de Bukavu, en el extremo oriental de la República Democrática del Congo (RDC), denuncian en una declaración sin concesiones la incapacidad de la Administración de acometer los retos que se le presentan.
