{"version":"1.0","provider_name":"ACN International","provider_url":"https:\/\/acninternational.org\/es\/","title":"\u201cQuiera Dios curar las heridas de Oriente Pr\u00f3ximo\u201d","type":"rich","width":600,"height":338,"html":"<blockquote class=\"wp-embedded-content\" data-secret=\"AVIDTaP5tM\"><a href=\"https:\/\/acninternational.org\/es\/quiera-dios-curar-las-heridas-de-oriente-proximo\/\">\u201cQuiera Dios curar las heridas de Oriente Pr\u00f3ximo\u201d<\/a><\/blockquote><iframe sandbox=\"allow-scripts\" security=\"restricted\" src=\"https:\/\/acninternational.org\/es\/quiera-dios-curar-las-heridas-de-oriente-proximo\/embed\/#?secret=AVIDTaP5tM\" width=\"600\" height=\"338\" title=\"\u00ab\u201cQuiera Dios curar las heridas de Oriente Pr\u00f3ximo\u201d\u00bb \u2014 ACN International\" data-secret=\"AVIDTaP5tM\" frameborder=\"0\" marginwidth=\"0\" marginheight=\"0\" scrolling=\"no\" class=\"wp-embedded-content\"><\/iframe><script>\n\/*! This file is auto-generated *\/\n!function(d,l){\"use strict\";l.querySelector&&d.addEventListener&&\"undefined\"!=typeof URL&&(d.wp=d.wp||{},d.wp.receiveEmbedMessage||(d.wp.receiveEmbedMessage=function(e){var t=e.data;if((t||t.secret||t.message||t.value)&&!\/[^a-zA-Z0-9]\/.test(t.secret)){for(var s,r,n,a=l.querySelectorAll('iframe[data-secret=\"'+t.secret+'\"]'),o=l.querySelectorAll('blockquote[data-secret=\"'+t.secret+'\"]'),c=new RegExp(\"^https?:$\",\"i\"),i=0;i<o.length;i++)o[i].style.display=\"none\";for(i=0;i<a.length;i++)s=a[i],e.source===s.contentWindow&&(s.removeAttribute(\"style\"),\"height\"===t.message?(1e3<(r=parseInt(t.value,10))?r=1e3:~~r<200&&(r=200),s.height=r):\"link\"===t.message&&(r=new URL(s.getAttribute(\"src\")),n=new URL(t.value),c.test(n.protocol))&&n.host===r.host&&l.activeElement===s&&(d.top.location.href=t.value))}},d.addEventListener(\"message\",d.wp.receiveEmbedMessage,!1),l.addEventListener(\"DOMContentLoaded\",function(){for(var e,t,s=l.querySelectorAll(\"iframe.wp-embedded-content\"),r=0;r<s.length;r++)(t=(e=s[r]).getAttribute(\"data-secret\"))||(t=Math.random().toString(36).substring(2,12),e.src+=\"#?secret=\"+t,e.setAttribute(\"data-secret\",t)),e.contentWindow.postMessage({message:\"ready\",secret:t},\"*\")},!1)))}(window,document);\n\/\/# sourceURL=https:\/\/acninternational.org\/wp-includes\/js\/wp-embed.min.js\n<\/script>\n","thumbnail_url":"https:\/\/media.acninternational.org\/wp-content\/uploads\/2021\/06\/acnnews_May-God-heal-the-wounds-of-the-Middle-East.jpg","thumbnail_width":2000,"thumbnail_height":625,"description":"El Consejo de Patriarcas y Obispos Cat\u00f3licos de Oriente Pr\u00f3ximo ha anunciado para el 27 de junio una Jornada de Paz para Oriente. Ese domingo, los Obispos de la regi\u00f3n celebrar\u00e1n al mismo tiempo la Misa en sus respectivos pa\u00edses y consagrar\u00e1n Oriente Pr\u00f3ximo a la Sagrada Familia."}

“Quiera Dios curar las heridas de Oriente Próximo”

<blockquote class="wp-embedded-content" data-secret="AVIDTaP5tM"><a href="https://acninternational.org/es/quiera-dios-curar-las-heridas-de-oriente-proximo/">“Quiera Dios curar las heridas de Oriente Próximo”</a></blockquote><iframe sandbox="allow-scripts" security="restricted" src="https://acninternational.org/es/quiera-dios-curar-las-heridas-de-oriente-proximo/embed/#?secret=AVIDTaP5tM" width="600" height="338" title="«“Quiera Dios curar las heridas de Oriente Próximo”» — ACN International" data-secret="AVIDTaP5tM" frameborder="0" marginwidth="0" marginheight="0" scrolling="no" class="wp-embedded-content"></iframe><script>
/*! This file is auto-generated */
!function(d,l){"use strict";l.querySelector&&d.addEventListener&&"undefined"!=typeof URL&&(d.wp=d.wp||{},d.wp.receiveEmbedMessage||(d.wp.receiveEmbedMessage=function(e){var t=e.data;if((t||t.secret||t.message||t.value)&&!/[^a-zA-Z0-9]/.test(t.secret)){for(var s,r,n,a=l.querySelectorAll('iframe[data-secret="'+t.secret+'"]'),o=l.querySelectorAll('blockquote[data-secret="'+t.secret+'"]'),c=new RegExp("^https?:$","i"),i=0;i<o.length;i++)o[i].style.display="none";for(i=0;i<a.length;i++)s=a[i],e.source===s.contentWindow&&(s.removeAttribute("style"),"height"===t.message?(1e3<(r=parseInt(t.value,10))?r=1e3:~~r<200&&(r=200),s.height=r):"link"===t.message&&(r=new URL(s.getAttribute("src")),n=new URL(t.value),c.test(n.protocol))&&n.host===r.host&&l.activeElement===s&&(d.top.location.href=t.value))}},d.addEventListener("message",d.wp.receiveEmbedMessage,!1),l.addEventListener("DOMContentLoaded",function(){for(var e,t,s=l.querySelectorAll("iframe.wp-embedded-content"),r=0;r<s.length;r++)(t=(e=s[r]).getAttribute("data-secret"))||(t=Math.random().toString(36).substring(2,12),e.src+="#?secret="+t,e.setAttribute("data-secret",t)),e.contentWindow.postMessage({message:"ready",secret:t},"*")},!1)))}(window,document);
//# sourceURL=https://acninternational.org/wp-includes/js/wp-embed.min.js
</script>

El Consejo de Patriarcas y Obispos Católicos de Oriente Próximo ha anunciado para el 27 de junio una Jornada de Paz para Oriente. Ese domingo, los Obispos de la región celebrarán al mismo tiempo la Misa en sus respectivos países y consagrarán Oriente Próximo a la Sagrada Familia.
